e
Does 346 divide 182037?
False
Is 57 a factor of 86811?
True
Is 378 a factor of 1332482?
False
Is 4071951 a multiple of 3?
True
Does 4 divide 52313?
False
Is 14508879 a multiple of 33?
True
Is 543 a factor of 3207501?
True
Does 887 divide 6157066?
False
Is 10 a factor of 23830?
True
Is 686460 a multiple of 60?
True
Is 40 a factor of 131440?
True
Is 663113 a multiple of 23?
True
Is 474772 a multiple of 308?
False
Is 78 a factor of 59436?
True
Is 1420904 a multiple of 188?
True
Is 441057 a multiple of 29?
False
Is 495582 a multiple of 547?
True
Does 343 divide 384160?
True
Is 557480 a multiple of 44?
True
Is 41 a factor of 38282?
False
Is 1101886 a multiple of 107?
True
Is 55 a factor of 2984512?
False
Does 19 divide 166093?
False
Is 216586 a multiple of 92?
False
Is 430137 a multiple of 27?
True
Does 97 divide 520017?
True
Is 10 a factor of 231864?
False
Does 3 divide 124620?
True
Is 46413 a multiple of 81?
True
Is 9594010 a multiple of 240?
False
Is 115803 even?
False
Does 47 divide 112377?
True
Is 596 a factor of 1929252?
True
Is 228800 a multiple of 11?
True
Is 180 a factor of 427145?
False
Does 28 divide 260001?
False
Is 30879 a multiple of 3?
True
Is 7 a factor of 287150?
False
Does 24 divide 100271?
False
Is 42 a factor of 198240?
True
Does 38 divide 1108117?
False
Does 77 divide 177408?
True
Is 42 a factor of 3271632?
True
Does 88 divide 399764?
False
Is 172872 a multiple of 56?
True
Is 16379260 a multiple of 897?
False
Is 157662 a multiple of 18?
True
Does 13 divide 1949833?
False
Is 18 a factor of 136525?
False
Is 599247 a multiple of 99?
True
Is 14 a factor of 25656?
False
Is 108472 a multiple of 26?
True
Is 7 a factor of 2427229?
True
Is 167118 a multiple of 173?
True
Is 260 a factor of 1536355?
False
Does 313 divide 485150?
True
Is 84 a factor of 307104?
True
Is 415213 a multiple of 13?
False
Is 38 a factor of 47994?
True
Is 340 a factor of 2367343?
False
Is 8 a factor of 14488?
True
Is 630396 a multiple of 54?
True
Is 264 a factor of 7261792?
False
Does 7 divide 110756?
False
Does 368 divide 325433?
False
Is 255099 a multiple of 14?
False
Is 237600 a multiple of 108?
True
Is 3 a factor of 119188?
False
Is 477921 a multiple of 51?
True
Is 11465350 a multiple of 440?
False
Is 229481 a multiple of 3?
False
Is 18290137 a multiple of 16?
False
Does 32 divide 1838366?
False
Is 8 a factor of 231256?
True
Is 4 a factor of 154576?
True
Does 7 divide 20195?
True
Does 3 divide 28380?
True
Is 335 a factor of 4972405?
True
Is 130709 a multiple of 160?
False
Is 40880 a multiple of 10?
True
Is 74094 a multiple of 7?
False
Is 5666714 a multiple of 671?
False
Does 14 divide 874230?
True
Is 4 a factor of 283228?
True
Is 6314 a multiple of 11?
True
Is 600 a factor of 4245000?
True
Does 37 divide 124653?
True
Does 25 divide 2708357?
False
Does 357 divide 2832133?
False
Does 42 divide 32416?
False
Is 2435974 a multiple of 974?
True
Is 406174 a multiple of 149?
True
Does 142 divide 118286?
True
Is 25578 a multiple of 92?
False
Is 805920 a multiple of 12?
True
Is 254166 a multiple of 33?
True
Does 22 divide 613648?
False
Does 846 divide 1031274?
True
Does 35 divide 320872?
False
Does 17 divide 3194704?
False
Is 30 a factor of 4846835?
False
Is 101 a factor of 2708315?
True
Is 1572100 a multiple of 10?
True
Does 210 divide 216510?
True
Does 692 divide 2437020?
False
Does 27 divide 198393?
False
Is 32178991 a multiple of 60?
False
Is 2296754 a multiple of 68?
False
Is 21115 a multiple of 113?
False
Does 94 divide 5468008?
False
Is 40 a factor of 156920?
True
Does 143 divide 107107?
True
Does 4 divide 4034612?
True
Does 69 divide 17145?
False
Does 419 divide 193520?
False
Does 13 divide 49361?
True
Is 49 a factor of 931637?
True
Is 161192 even?
True
Is 22 a factor of 325315?
False
Does 5 divide 2943340?
True
Does 18 divide 267084?
True
Does 113 divide 130088?
False
Is 704729 a multiple of 29?
True
Is 246 a factor of 544890?
True
Is 3264066 a multiple of 261?
True
Does 15 divide 31225?
False
Is 122556 a multiple of 28?
True
Is 23 a factor of 4132955?
False
Is 871325 a multiple of 455?
True
Does 157 divide 99379?
False
Is 14033624 a multiple of 843?
False
Is 95 a factor of 4613390?
True
Is 190 a factor of 389046?
False
Does 12 divide 9521966?
False
Does 582 divide 1460290?
False
Is 268 a factor of 247511?
False
Is 177450 a multiple of 14?
True
Is 169406 a multiple of 226?
False
Is 8 a factor of 19524?
False
Is 103605 a multiple of 111?
False
Is 28642 a multiple of 3?
False
Is 6 a factor of 852?
True
Is 130 a factor of 1901770?
True
Is 371465 a multiple of 41?
False
Is 15 a factor of 255825?
True
Is 13520725 a multiple of 1836?
False
Is 2479337 a multiple of 63?
False
Is 489 a factor of 1981917?
True
Does 536 divide 4592984?
True
Is 154 a factor of 590128?
True
Does 27 divide 17749?
False
Is 3 a factor of 823554?
True
Is 252840 a multiple of 86?
True
Is 1492236 a multiple of 164?
True
Is 26 a factor of 387214?
False
Is 2886884 a multiple of 308?
True
Is 3 a factor of 9449?
False
Is 363 a factor of 277847?
False
Does 29 divide 153593?
False
Is 975 a multiple of 39?
True
Is 265 a factor of 91425?
True
Is 1483 a factor of 12193169?
False
Is 435 a factor of 405855?
True
Does 10 divide 3299090?
True
Is 35 a factor of 30039?
False
Does 4 divide 198935?
False
Does 50 divide 1089950?
True
Is 1271 a factor of 6770841?
False
Is 1989310 a multiple of 265?
False
Is 61 a factor of 3562284?
False
Does 170 divide 936020?
True
Is 309 a factor of 672766?
False
Does 35 divide 219030?
True
Is 11563818 a multiple of 70?
False
Does 439 divide 5200833?
True
Is 13 a factor of 227448?
True
Is 131 a factor of 329722?
False
Is 117845 a multiple of 245?
True
Does 62 divide 3614373?
False
Is 4481468 a multiple of 4?
True
Is 327034 a multiple of 57?
False
Is 989757 a multiple of 9?
True
Is 108810 a multiple of 65?
True
Does 761 divide 12934717?
True
Is 870697 a multiple of 31?
True
Is 3 a factor of 98310?
True
Is 289 a factor of 99416?
True
Is 1199259 a multiple of 39?
False
Does 9 divide 1100790?
True
Is 17 a factor of 714085?
True
Does 342 divide 454176?
True
Is 8 a factor of 121854?
False
Is 556671 a multiple of 134?
False
Is 133 a factor of 15682910?
False
Does 113 divide 2322449?
False
Is 97 a factor of 22249?
False
Is 351 a factor of 2600559?
True
Is 1974557 a multiple of 14?
False
Does 92 divide 134780?
True
Is 23403342 a multiple of 12?
False
Does 25 divide 59350?
True
Is 2595 a multiple of 14?
False
Does 1178 divide 2766201?
False
Does 106 divide 407146?
True
Is 989338 a multiple of 783?
False
Does 240 divide 129360?
True
Is 69 a factor of 594075?
False
Is 68 a factor of 1665977?
False
Does 20 divide 1799360?
True
Is 27 a factor of 2305152?
True
Is 25116421 a multiple of 15?
False
Does 14 divide 12944162?
True
Does 105 divide 228966?
False
Is 156396 even?
True
Does 9 divide 546075?
True
Is 114240 a multiple of 10?
True
Does 96 divide 105185?
False
Is 519162 a multiple of 329?
True
Is 3420712 a multiple of 328?
True
Is 239 a factor of 96317?
True
Is 256 a factor of 5060864?
True
Is 412 a factor of 4543462?
False
Is 155572 even?
True
Is 14 a factor of 745310?
False
Is 4015094 a multiple of 439?
True
Does 202 divide 2865067?
False
Does 35 divide 996310?
True
Is 1386 a factor of 268884?
True
Does 101 divide 248125?
False
Is 323984 a multiple of 20?
False
Does 195 divide 3526100?
False
Is 286 a factor of 102102?
True
Does 20 divide 15340?
True
Does 6 divide 172893?
False
Does 94 divide 1504752?
True
Does 96 divide 285289?
False
Is 21 a factor of 593800?
False
Does 48 divide 106070?
False
Is 60 a factor of 2338476?
False
Is 14903525 a multiple of 175?
True
Is 5381198 a multiple of 3?
False
Is 290 a factor of 3751154?
False
Is 46 a factor of 229586?
True
Is 219100 a multiple of 120?
False
Is 664688 a multiple of 10?
False
Is 5017824 a multiple of 266?
True
Is 15 a factor of 96876?
False
Does 35 divide 51310?
True
Is 860 a factor of 11494365?
False
Does 27 divide 1863459?
True
Is 290 a factor of 1505100?
True
Is 202 a factor of 686800?
True
Is 156407 a multiple of 13?
False
Is 5 a factor of 656480?
True
Is 46 a factor of 49036?
True
Is 12 a factor of 347412?
True
Is 13 a factor of 1552408?
True
Is 22266720 a multiple of 40?
True
Does 491 divide 1019316?
True
Does 37 divide 163877?
